{"id":15,"date":"2019-11-26T15:39:47","date_gmt":"2019-11-26T15:39:47","guid":{"rendered":"http:\/\/mysteryproject.es\/?page_id=15"},"modified":"2024-03-05T10:33:38","modified_gmt":"2024-03-05T10:33:38","slug":"blog","status":"publish","type":"page","link":"https:\/\/mysteryproject.es\/index.php\/blog\/","title":{"rendered":"Selecci\u00f3n de personal"},"content":{"rendered":"\n<p><strong>Seleccionamos para t\u00ed el mejor personal<\/strong>.<\/p>\n\n\n\n<p>20 a\u00f1os de experiencia en talent search&#8230;<\/p>\n\n\n\n<p>Actuamos como headhunters, movi\u00e9ndonos por fuera del circuito habitual de anuncios, ofertas, etc&#8230; Localizamos a los candidatos que todav\u00eda no saben que quieren cambiar de puesto&#8230;<\/p>\n\n\n\n<p>Hemos dise\u00f1ado una metodolog\u00eda propia, mezcla de t\u00e9cnicas de rrhh con t\u00e9cnicas de mystery.<\/p>\n\n\n\n<p>Si lo que deseas es algo muy especial, muy secreto, muy dif\u00edcil, muy  muy muy,  consulta nuestro <a href=\"https:\/\/mysteryproject.es\/index.php\/servicio-especial-avanzado-de-seleccion-de-personal-tailor-made\/\" title=\"servicio especial avanzado de selecci\u00f3n de personal...\">servicio especial avanzado de selecci\u00f3n de personal&#8230;<\/a><\/p>\n","protected":false},"excerpt":{"rendered":"<p>Seleccionamos para t\u00ed el mejor personal. 20 a\u00f1os de experiencia en talent search&#8230; Actuamos como headhunters, movi\u00e9ndonos por fuera del circuito habitual de anuncios, ofertas, etc&#8230; Localizamos a los candidatos que todav\u00eda no saben que quieren cambiar de puesto&#8230; Hemos dise\u00f1ado una metodolog\u00eda propia, mezcla de t\u00e9cnicas de rrhh con t\u00e9cnicas de mystery. Si lo [&hellip;]<\/p>\n","protected":false},"author":1,"featured_media":148,"parent":0,"menu_order":0,"comment_status":"closed","ping_status":"closed","template":"","meta":{"_monsterinsights_skip_tracking":false,"_monsterinsights_sitenote_active":false,"_monsterinsights_sitenote_note":"","_monsterinsights_sitenote_category":0,"footnotes":""},"class_list":["post-15","page","type-page","status-publish","has-post-thumbnail","hentry"],"aioseo_notices":[],"_links":{"self":[{"href":"https:\/\/mysteryproject.es\/index.php\/wp-json\/wp\/v2\/pages\/15","targetHints":{"allow":["GET"]}}],"collection":[{"href":"https:\/\/mysteryproject.es\/index.php\/wp-json\/wp\/v2\/pages"}],"about":[{"href":"https:\/\/mysteryproject.es\/index.php\/wp-json\/wp\/v2\/types\/page"}],"author":[{"embeddable":true,"href":"https:\/\/mysteryproject.es\/index.php\/wp-json\/wp\/v2\/users\/1"}],"replies":[{"embeddable":true,"href":"https:\/\/mysteryproject.es\/index.php\/wp-json\/wp\/v2\/comments?post=15"}],"version-history":[{"count":10,"href":"https:\/\/mysteryproject.es\/index.php\/wp-json\/wp\/v2\/pages\/15\/revisions"}],"predecessor-version":[{"id":3635,"href":"https:\/\/mysteryproject.es\/index.php\/wp-json\/wp\/v2\/pages\/15\/revisions\/3635"}],"wp:featuredmedia":[{"embeddable":true,"href":"https:\/\/mysteryproject.es\/index.php\/wp-json\/wp\/v2\/media\/148"}],"wp:attachment":[{"href":"https:\/\/mysteryproject.es\/index.php\/wp-json\/wp\/v2\/media?parent=15"}],"curies":[{"name":"wp","href":"https:\/\/api.w.org\/{rel}","templated":true}]}}